ided by 32638?
78
Calculate the remainder when 31543 is divided by 594.
61
Calculate the remainder when 251891 is divided by 56.
3
What is the remainder when 46081053 is divided by 18?
9
Calculate the remainder when 84262 is divided by 1447.
336
What is the remainder when 245663259 is divided by 170?
169
What is the remainder when 1003384 is divided by 6?
4
Calculate the remainder when 1750316 is divided by 167.
156
Calculate the remainder when 59900279 is divided by 660.
659
Calculate the remainder when 1506253 is divided by 2003.
2000
Calculate the remainder when 132815 is divided by 132804.
11
Calculate the remainder when 450614 is divided by 1215.
1064
Calculate the remainder when 1251630 is divided by 48.
30
What is the remainder when 62956282 is divided by 104?
90
Calculate the remainder when 965181 is divided by 54.
39
Calculate the remainder when 24404651 is divided by 33.
29
Calculate the remainder when 8205998 is divided by 52.
34
What is the remainder when 51487 is divided by 10030?
1337
Calculate the remainder when 3194938 is divided by 2759.
16
Calculate the remainder when 9198491 is divided by 5807.
203
What is the remainder when 77079 is divided by 76940?
139
Calculate the remainder when 9550883 is divided by 111.
110
What is the remainder when 20348 is divided by 6746?
110
What is the remainder when 33399 is divided by 16158?
1083
What is the remainder when 20233921 is divided by 173?
14
What is the remainder when 323665626 is divided by 7?
4
What is the remainder when 4919888 is divided by 38739?
35
What is the remainder when 219138 is divided by 2579?
2502
Calculate the remainder when 654445 is divided by 654176.
269
Calculate the remainder when 506117 is divided by 252999.
119
Calculate the remainder when 243416 is divided by 2234.
2144
Calculate the remainder when 10998651 is divided by 4268.
15
What is the remainder when 6970938 is divided by 1234?
72
What is the remainder when 320496 is divided by 608?
80
Calculate the remainder when 70665 is divided by 812.
21
Calculate the remainder when 9375520 is divided by 14627.
14240
What is the remainder when 42905 is divided by 2845?
230
Calculate the remainder when 11814674 is divided by 3271.
3093
What is the remainder when 162146 is divided by 523?
16
What is the remainder when 37700052 is divided by 2157?
6
What is the remainder when 14018629 is divided by 14018619?
10
Calculate the remainder when 65478 is divided by 3289.
2987
What is the remainder when 6088300 is divided by 6088282?
18
Calculate the remainder when 744124 is divided by 2382.
940
What is the remainder when 209955072 is divided by 83?
15
What is the remainder when 13703810 is divided by 2283968?
2
Calculate the remainder when 12790049 is divided by 983849.
12
What is the remainder when 1859395 is divided by 692?
683
What is the remainder when 78845 is divided by 4303?
1391
Calculate the remainder when 647642 is divided by 1094.
1088
What is the remainder when 617044 is divided by 616976?
68
Calculate the remainder when 1550014 is divided by 936.
934
Calculate the remainder when 448817 is divided by 1527.
1406
What is the remainder when 156366 is divided by 207?
81
Calculate the remainder when 4261 is divided by 17.
11
What is the remainder when 7262017 is divided by 10286?
101
Calculate the remainder when 462115 is divided by 231028.
59
What is the remainder when 36121398 is divided by 1170?
1158
What is the remainder when 12533242 is divided by 72?
58
Calculate the remainder when 1708252 is divided by 7571.
4777
Calculate the remainder when 10538950 is divided by 3772.
3754
Calculate the remainder when 64690143 is divided by 2310362.
7
Calculate the remainder when 51586146 is divided by 376541.
29
Calculate the remainder when 13066542 is divided by 11.
5
Calculate the remainder when 68925 is divided by 397.
244
What is the remainder when 23398 is divided by 3919?
3803
Calculate the remainder when 5092 is divided by 2377.
338
What is the remainder when 81375 is divided by 1809?
1779
What is the remainder when 8626433 is divided by 53?
47
What is the remainder when 76625 is divided by 6355?
365
What is the remainder when 44642 is divided by 3711?
110
Calculate the remainder when 23887 is divided by 4742.
177
Calculate the remainder when 616000 is divided by 307989.
22
What is the remainder when 8638480 is divided by 91897?
162
What is the remainder when 215226436 is divided by 21?
19
Calculate the remainder when 619898 is divided by 56332.
246
Calculate the remainder when 70410 is divided by 1010.
720
What is the remainder when 30852308 is divided by 324761?
13
What is the remainder when 4058366 is divided by 2846?
2816
What is the remainder when 214812 is divided by 8373?
5487
Calculate the remainder when 147920583 is divided by 787.
785
Calculate the remainder when 100552505 is divided by 13625.
5
What is the remainder when 724108 is divided by 271?
267
Calculate the remainder when 534521 is divided by 858.
845
What is the remainder when 1612712 is divided by 201544?
360
What is the remainder when 8431662 is divided by 16?
14
Calculate the remainder when 2647955 is divided by 7176.
11
Calculate the remainder when 157524 is divided by 25645.
3654
What is the remainder when 3329276 is divided by 578?
574
Calculate the remainder when 7207947 is divided by 75.
72
What is the remainder when 1160737 is divided by 579832?
1073
Calculate the remainder when 2689553 is divided by 116936.
25
Calculate the remainder when 7826935 is divided by 163.
1
What is the remainder when 80523070 is divided by 21917?
12
Calculate the remainder when 4323195 is divided by 360264.
27
Calculate the remainder when 5397 is divided by 490.
7
What is the remainder when 69774 is divided by 2056?
1926
Calculate the remainder when 5984178 is divided by 1994705.
63
Calculate the remainder when 2340646 is divided by 2340406.
240
Calculate the remainder when 155064 is divided by 4693.
195
What is the remainder when 77803677 is divided by 2102802?
3
Calculate the remainder when 189122 is divided by 29.
13
What is the remainder when 423611 is divided by 13664?
27
What is the remainder when 1479225 is divided by 493072?
9
Calculate the remainder when 3381808 is divided by 6228.
4
What is the remainder when 47829 is divided by 5843?
1085
Calculate the remainder when 2463569 is divided by 8991.
35
What is the remainder when 7083381 is divided by 154?
151
Calculate the remainder when 3533730 is divided by 1766776.
178
Calculate the remainder when 9900806 is divided by 1290.
56
Calculate the remainder when 158481 is divided by 5275.
231
What is the remainder when 2084001 is divided by 517?
491
What is the remainder when 8578691 is divided by 321?
287
Calculate the remainder when 1221888072 is divided by 1205.
1202
Calculate the remainder when 16885 is divided by 4220.
5
What is the remainder when 6904360 is divided by 3708?
64
Calculate the remainder when 13520178 is divided by 6877.
6873
What is the remainder when 239128 is divided by 59736?
184
What is the remainder when 4282484 is divided by 502?
424
Calculate the remainder when 168591 is divided by 1658.
1133
What is the remainder when 833585127 is divided by 1791?
1788
What is the remainder when 34162577 is divided by 1440?
17
What is the remainder when 400008 is divided by 377?
11
Calculate the remainder when 6592102 is divided by 108.
106
Calculate the remainder when 27598570 is divided by 9199332.
574
What is the remainder when 3854867 is divided by 214158?
23
Calculate the remainder when 177770 is divided by 59083.
521
What is the remainder when 1379282 is divided by 1006?
56
What is the remainder when 176056 is divided by 60?
16
What is the remainder when 7886 is divided by 3899?
88
Calculate the remainder when 73470709 is divided by 1335831.
4
What is the remainder when 5126 is divided by 2422?
282
What is the remainder when 129475 is divided by 489?
379
What is the remainder when 3657723 is divided by 41565?
3
What is the remainder when 12990884 is divided by 1219?
1
What is the remainder when 2994799 is divided by 499121?
73
Calculate the remainder when 382707 is divided by 7500.
207
Calculate the remainder when 3892861 is divided by 16152.
229
What is the remainder when 2382574 is div